 36 and w?
9
Suppose 2*f - 5*y = -3, f - 6 = -f - 4*y. Let o be f*(1 - 3) - -170. What is the greatest common divisor of o and 24?
24
Suppose -273 - 339 = -3*u. Calculate the greatest common factor of 136 and u.
68
Let a = -305 + 445. What is the greatest common divisor of 224 and a?
28
Suppose -6*z = -13*z + 112. Let b = -11 + z. Let f(j) = j**3 - 7*j**2 + 8*j - 2. Let c be f(6). What is the greatest common divisor of b and c?
5
Suppose 1458 = 22*a - 19*a. Calculate the highest common factor of a and 36.
18
Suppose 3*d - 2578 = 2*s, 3*d + s = -d + 3419. Let h = -491 + d. Suppose 36 = c + 3*b - 39, 0 = 4*c - b - h. What is the highest common factor of 18 and c?
18
Suppose -45 = -99*l + 94*l. Let q(w) = 2*w + 4. Let x be q(5). Suppose 0 = -5*m - x + 419. What is the greatest common factor of l and m?
9
Let g be 58/12 - 125/150. What is the highest common divisor of 34 and g?
2
Let y be (19 - 25)/(9/(-255)). Calculate the greatest common divisor of y and 80.
10
Let q be 370/(-111)*24/(-5). Calculate the greatest common factor of q and 176.
16
Suppose 0 = -9*i + 645 + 723. What is the greatest common factor of i and 4?
4
Let j(p) = p**3 - 5*p**2 + 7*p + 2. Let c be j(5). Suppose -3*s + 4*s = c. Let u = s + -7. What is the highest common factor of 20 and u?
10
Let b be ((-3)/(-4) - 162/24) + 20. What is the highest common divisor of b and 8?
2
Suppose 4*o = 2*t - 368, 0 = -4*o + 2*o - 5*t - 208. Let y = 142 + o. Calculate the highest common divisor of 36 and y.
12
Suppose 0*g + 4*g = -608. Let i be g/(-12) + (-12)/(-9). What is the highest common divisor of i and 7?
7
Let h be (-3289)/(-69)*(3 + 0). What is the greatest common divisor of 104 and h?
13
Suppose 4*j = 3*l + 23 + 89, 0 = -4*l. Calculate the highest common divisor of j and 44.
4
Suppose 10 = 2*v, 0 = 2*z + 3*z + 3*v - 95. Suppose w = 5*w + 16. Let i = z + w. What is the highest common divisor of i and 96?
12
Suppose -31*q = -25*q - 162. Calculate the greatest common factor of q and 135.
27
Suppose 18 = 5*j + 3. Let k = 25 + j. Calculate the greatest common factor of k and 42.
14
Let g = -114 + 122. Calculate the highest common divisor of 76 and g.
4
Suppose 58*c - 1360 = 38*c. Let f(d) = -d**2 + 8*d + 1. Let s be f(4). Calculate the greatest common factor of s and c.
17
Let z be (24/2)/(3/44). Suppose -2*o - 4*b - 8 = 0, -4 - 8 = 3*b. Suppose q - 1 = -5*x, o*q = -x - 20 + 81. Calculate the highest common factor of z and q.
16
Let k = 138 - 30. Calculate the greatest common factor of k and 8.
4
Let h = 9 + 5. What is the greatest common divisor of 91 and h?
7
Let b(h) = -27*h - 8. Let p be b(-2). Let m be 1*306/10 + p/115. What is the highest common divisor of m and 62?
31
Suppose 4*a = -9 + 21. Let j be (-2)/((a/30*-2)/27). Calculate the highest common factor of 30 and j.
30
Let p be (-2430)/(-9)*(-8)/(-20). What is the greatest common divisor of p and 297?
27
Let j(r) = 68*r + 365. Let u be j(-5). Let q be (-4)/(-16) + 81/(-4). Let c be (q/6)/((-8)/300). What is the greatest common divisor of u and c?
25
Suppose -j + u + 0 = -6, -12 = -j + 3*u. Suppose -j*o + 17 = -37. Calculate the highest common factor of 27 and o.
9
Suppose -10*i + 14*i - 520 = 0. Calculate the highest common divisor of 10 and i.
10
Let g(n) = 46*n - 18. Let v be g(3). Let l = 1 - -11. Calculate the highest common factor of l and v.
12
Suppose -6*b = -3*b - 135. Let n be 3/((-6)/9 + 1). What is the highest common divisor of b and n?
9
Let x be (2277/66)/((-9)/(-6)). What is the highest common factor of x and 368?
23
Let r(o) = -o**3 + 6*o**2 - 5*o - 3. Let i be r(4). Suppose i*x - 5*w = 4*x + 110, -50 = -3*x - w. What is the greatest common divisor of x and 18?
18
Let c = 85 + -3. Calculate the greatest common divisor of c and 123.
41
Let l = 16 + -10. Suppose -l*p = -3*p - 111. Let j = p + -22. Calculate the highest common factor of 45 and j.
15
Let g be (36/15)/2*2730/28. What is the greatest common divisor of g and 507?
39
Let k be ((-21)/18)/7*-18. Suppose l - 23 = -k*a + 5, -2*a + 20 = 2*l. Calculate the greatest common factor of 81 and a.
9
Let m = 385 - 304. Calculate the highest common factor of m and 1.
1
Let b(j) = 11*j - 574. Let c be b(53). What is the highest common divisor of c and 963?
9
Let g(s) = -2*s - 9. Let t be g(-6). Suppose 30 = t*r + 3*v, -2*r = -r + 4*v + 5. What is the greatest common factor of 6 and r?
3
Suppose 0 = -3*o - 81 + 135. Calculate the greatest common divisor of 144 and o.
18
Let f = 304 + -235. Calculate the highest common divisor of 46 and f.
23
Let f = 4 - 3. Let p(y) = 5*y. Let u be p(f). Let n = 71 - 16. Calculate the greatest common factor of n and u.
5
Let x(n) = 232*n + 604. Let a be x(12). What is the greatest common divisor of a and 28?
28
Suppose -5*s + 264 = -4*v - 290, -2*v = 2. Let i = 146 - s. What is the highest common divisor of i and 180?
36
Let j = 63 + -44. What is the highest common factor of 703 and j?
19
Let k(i) = i**3 + 9*i**2 + 8*i - 37. Let f be k(-6). Let r = -2 + 5. Suppose r - f = -o. Calculate the highest common factor of o and 10.
10
Suppose 2*v + 4*g + 24 = 4*v, 0 = 5*v - 4*g - 54. Let p = v - 0. Let h be 225/(-18)*(-16)/p. Calculate the highest common factor of h and 5.
5
Let r be (0 - 3)/(30/(-820)) - 5. Let o = 36 + -25. What is the greatest common divisor of r and o?
11
Suppose -24 = -t - t. Let y(c) = c**2 - 39*c + 17. Let x be y(39). Let l = x - t. Calculate the greatest common divisor of 2 and l.
1
Let u be 9/(-1)*(-1 + 0). Let g be (-429)/(-12) - (-10)/(35 - -5). Calculate the highest common factor of u and g.
9
Let x be 24*((-675)/18)/(-15). What is the greatest common factor of 330 and x?
30
Let k be 25/(-50) - (-281)/2. Calculate the highest common factor of k and 60.
20
Suppose 0 = 5*l - 4150 + 1250. Suppose 4*q - 5*o = -o + 432, 0 = 5*q + 5*o - l. What is the highest common factor of q and 14?
14
Let j = -39 - -87. Let w be (2 - -16)*(-5)/3. Let q = j - w. Calculate the highest common divisor of 26 and q.
26
Let r = 2123 + -422. What is the highest common factor of 42 and r?
21
Let w = -15 + 10. Let p be w/(-30) + (-131)/(-6). Suppose 0*j + 2*j = p. Calculate the greatest common divisor of j and 11.
11
Let y = -4 + 3. Let x(q) = 1 - 31*q - 33*q + 0. Let f be x(y). Calculate the highest common factor of f and 13.
13
Let p be (-2)/(4 + -2) + -35. Let m be (-5)/(20/96) + 1 + -1. Let z = m - p. Calculate the greatest common divisor of 3 and z.
3
Let k = 31 - 35. Let u be 28/(-6)*102/k. Let h = 204 - u. Calculate the greatest common divisor of h and 17.
17
Let o(k) = 5*k**2 - 7*k + 3. Let y be o(3). Suppose -l = 2*l. Let q(c) = c + 9. Let x be q(l). Calculate the highest common factor of y and x.
9
Suppose -22*i - 37*i = -7434. Calculate the greatest common divisor of 798 and i.
42
Let x be 3/(4/(-8)*(-3)/14). Suppose -4*c + 1033 = 7*n - 2*n, 3*n = c - 237. What is the highest common factor of c and x?
28
Let p be (0 + 43)/(1/16). Calculate the highest common divisor of p and 32.
16
Let f(x) = -45*x - 35. Let g be f(-1). What is the greatest common factor of g and 230?
10
Let a(y) be the first derivative of 2*y**3/3 - 11*y**2/2 + 10*y - 11. Let v be a(8). What is the highest common divisor of 5 and v?
5
Let l be 1409/(-17) - (-2)/(-17). Let r be -1*l*1 + (4 - 7). What is the highest common factor of 20 and r?
20
Suppose -19 = -4*k + 3*y, 5*y + 8 = 2*k - 5. Suppose k*l - 47 + 11 = 0. Calculate the highest common factor of 1 and l.
1
Suppose 23*o - 112 = 9*o. Calculate the highest common divisor of 6 and o.
2
Let b = -150 - -240. Suppose 41 = 3*l - 49. What is the greatest common divisor of b and l?
30
Let b(d) = 40*d**2 - 2*d + 4. Let v be b(1). Calculate the highest common factor of 36 and v.
6
Suppose w + 1 = 0, 2*x + w - 2*w - 83 = 0. Let s = x - 23. What is the greatest common divisor of s and 144?
18
Let v(c) = c**2 - 11*c + 24. Let m be v(8). Suppose m = 3*q - 0*q - 72. Calculate the greatest common divisor of 36 and q.
12
Let n = 7 + -3. Let p be 0 + n - (-14)/7. Let l be ((-20)/p + 3)*-6. What is the greatest common divisor of l and 3?
1
Suppose -3*s - 12 + 192 = 0. Suppose -6*l + 17 = -13. Suppose 4*j - 145 = 5*u, 0 = -3*j - l*u + 11 + 124. Calculate the greatest common factor of s and j.
20
Let o be ((-56)/(-98))/((-6)/(-21